{"id":750,"date":"2021-05-05T14:10:52","date_gmt":"2021-05-05T14:10:52","guid":{"rendered":"https:\/\/www.lampu-schmuck.de\/?post_type=product&#038;p=750"},"modified":"2021-07-04T10:41:29","modified_gmt":"2021-07-04T10:41:29","slug":"collier-11","status":"publish","type":"product","link":"https:\/\/www.lampu-schmuck.de\/index.php\/produkt\/collier-11\/","title":{"rendered":"Collier"},"content":{"rendered":"<p>Steincollier mit Regenbogen-Mondstein im Sandwich-Schliff 5mm und S\u00fc\u00dfwasserzuchtperlen. L\u00e4nge 46cm.<\/p>\n","protected":false},"excerpt":{"rendered":"<p>Steincollier mit Regenbogen-Mondstein im Sandwich-Schliff 5mm und S\u00fc\u00dfwasserzuchtperlen. L\u00e4nge 46cm.<\/p>\n","protected":false},"featured_media":744,"template":"","meta":[],"product_brand":[],"product_cat":[56,48,44],"product_tag":[],"class_list":{"0":"post-750","1":"product","2":"type-product","3":"status-publish","4":"has-post-thumbnail","6":"product_cat-colliers","7":"product_cat-schmuck","8":"product_cat-weisshell","10":"first","11":"instock","12":"taxable","13":"shipping-taxable","14":"purchasable","15":"product-type-simple"},"_links":{"self":[{"href":"https:\/\/www.lampu-schmuck.de\/index.php\/wp-json\/wp\/v2\/product\/750","targetHints":{"allow":["GET"]}}],"collection":[{"href":"https:\/\/www.lampu-schmuck.de\/index.php\/wp-json\/wp\/v2\/product"}],"about":[{"href":"https:\/\/www.lampu-schmuck.de\/index.php\/wp-json\/wp\/v2\/types\/product"}],"wp:featuredmedia":[{"embeddable":true,"href":"https:\/\/www.lampu-schmuck.de\/index.php\/wp-json\/wp\/v2\/media\/744"}],"wp:attachment":[{"href":"https:\/\/www.lampu-schmuck.de\/index.php\/wp-json\/wp\/v2\/media?parent=750"}],"wp:term":[{"taxonomy":"product_brand","embeddable":true,"href":"https:\/\/www.lampu-schmuck.de\/index.php\/wp-json\/wp\/v2\/product_brand?post=750"},{"taxonomy":"product_cat","embeddable":true,"href":"https:\/\/www.lampu-schmuck.de\/index.php\/wp-json\/wp\/v2\/product_cat?post=750"},{"taxonomy":"product_tag","embeddable":true,"href":"https:\/\/www.lampu-schmuck.de\/index.php\/wp-json\/wp\/v2\/product_tag?post=750"}],"curies":[{"name":"wp","href":"https:\/\/api.w.org\/{rel}","templated":true}]}}